{"id":167,"date":"2024-03-25T11:57:01","date_gmt":"2024-03-25T10:57:01","guid":{"rendered":"http:\/\/game.cyberinc.pro:8220\/?page_id=167"},"modified":"2024-03-29T11:08:52","modified_gmt":"2024-03-29T10:08:52","slug":"courts-metrages","status":"publish","type":"page","link":"https:\/\/www.victormercier.com\/?page_id=167","title":{"rendered":"Courts M\u00e9trages"},"content":{"rendered":"\t\t<div data-elementor-type=\"wp-page\" data-elementor-id=\"167\" class=\"elementor elementor-167\">\n\t\t\t\t<div class=\"elementor-element elementor-element-272d071 e-flex e-con-boxed e-con e-parent\" data-id=\"272d071\" data-element_type=\"container\">\n\t\t\t\t\t<div class=\"e-con-inner\">\n\t\t<div class=\"elementor-element elementor-element-129d623 e-con-full e-flex e-con e-child\" data-id=\"129d623\" data-element_type=\"container\">\n\t\t\t\t<div class=\"elementor-element elementor-element-6c02544 elementor-widget elementor-widget-video\" data-id=\"6c02544\" data-element_type=\"widget\" data-settings=\"{&quot;youtube_url&quot;:&quot;https:\\\/\\\/youtu.be\\\/AugmefKReFU&quot;,&quot;video_type&quot;:&quot;youtube&quot;,&quot;controls&quot;:&quot;yes&quot;}\" data-widget_type=\"video.default\">\n\t\t\t\t<div class=\"elementor-widget-container\">\n\t\t\t\t\t\t\t<div class=\"elementor-wrapper elementor-open-inline\">\n\t\t\t<div class=\"elementor-video\"><\/div>\t\t<\/div>\n\t\t\t\t\t\t<\/div>\n\t\t\t\t<\/div>\n\t\t\t\t<\/div>\n\t\t<div class=\"elementor-element elementor-element-b81cc31 e-con-full e-flex e-con e-child\" data-id=\"b81cc31\" data-element_type=\"container\">\n\t\t\t\t<div class=\"elementor-element elementor-element-51428dc elementor-widget elementor-widget-text-editor\" data-id=\"51428dc\" data-element_type=\"widget\" data-widget_type=\"text-editor.default\">\n\t\t\t\t<div class=\"elementor-widget-container\">\n\t\t\t\t\t\t\t\t\t<p>Bande annonce de notre projet de fin d&rsquo;\u00e9tudes \u00e0 Pivaut Nantes : <strong>Selenite<\/strong><\/p><p>R\u00e9alis\u00e9 par :<br \/>Victor MERCIER<br \/>Maxence SOLIOT<br \/>Ethan MACEL<br \/>Klervi MAUGIS&#8211;JEANSON<\/p><p>Sortie pr\u00e9vue fin mai 2024<\/p>\t\t\t\t\t\t\t\t<\/div>\n\t\t\t\t<\/div>\n\t\t\t\t<\/div>\n\t\t\t\t\t<\/div>\n\t\t\t\t<\/div>\n\t\t<div class=\"elementor-element elementor-element-c608293 e-flex e-con-boxed e-con e-parent\" data-id=\"c608293\" data-element_type=\"container\">\n\t\t\t\t\t<div class=\"e-con-inner\">\n\t\t\t\t<div class=\"elementor-element elementor-element-4a069b6 elementor-widget-divider--view-line elementor-widget elementor-widget-divider\" data-id=\"4a069b6\" data-element_type=\"widget\" data-widget_type=\"divider.default\">\n\t\t\t\t<div class=\"elementor-widget-container\">\n\t\t\t\t\t\t\t<div class=\"elementor-divider\">\n\t\t\t<span class=\"elementor-divider-separator\">\n\t\t\t\t\t\t<\/span>\n\t\t<\/div>\n\t\t\t\t\t\t<\/div>\n\t\t\t\t<\/div>\n\t\t\t\t\t<\/div>\n\t\t\t\t<\/div>\n\t\t<div class=\"elementor-element elementor-element-7d3a5ba e-flex e-con-boxed e-con e-parent\" data-id=\"7d3a5ba\" data-element_type=\"container\">\n\t\t\t\t\t<div class=\"e-con-inner\">\n\t\t<div class=\"elementor-element elementor-element-e528ec4 e-con-full e-flex e-con e-child\" data-id=\"e528ec4\" data-element_type=\"container\">\n\t\t\t\t<div class=\"elementor-element elementor-element-fc6f8e3 elementor-widget elementor-widget-video\" data-id=\"fc6f8e3\" data-element_type=\"widget\" data-settings=\"{&quot;youtube_url&quot;:&quot;https:\\\/\\\/youtu.be\\\/JZIA4cEl4BI?si=4zkJV5_427KWbu-c&quot;,&quot;video_type&quot;:&quot;youtube&quot;,&quot;controls&quot;:&quot;yes&quot;}\" data-widget_type=\"video.default\">\n\t\t\t\t<div class=\"elementor-widget-container\">\n\t\t\t\t\t\t\t<div class=\"elementor-wrapper elementor-open-inline\">\n\t\t\t<div class=\"elementor-video\"><\/div>\t\t<\/div>\n\t\t\t\t\t\t<\/div>\n\t\t\t\t<\/div>\n\t\t\t\t<\/div>\n\t\t<div class=\"elementor-element elementor-element-92d5681 e-con-full e-flex e-con e-child\" data-id=\"92d5681\" data-element_type=\"container\">\n\t\t\t\t<div class=\"elementor-element elementor-element-6395dbd elementor-widget elementor-widget-text-editor\" data-id=\"6395dbd\" data-element_type=\"widget\" data-widget_type=\"text-editor.default\">\n\t\t\t\t<div class=\"elementor-widget-container\">\n\t\t\t\t\t\t\t\t\t<p><strong>Something&rsquo;s Missing<\/strong> &#8211; Film r\u00e9alis\u00e9 en premi\u00e8re ann\u00e9e d&rsquo;animation 2D \u00e0 Pivaut Nantes<\/p><p>R\u00e9alis\u00e9 par :<br \/>Klervi MAUGIS&#8211;JEANSON<br \/>Maxence SOLIOT<br \/>Luka OVEJERO<br \/>Victor MERCIER<\/p>\t\t\t\t\t\t\t\t<\/div>\n\t\t\t\t<\/div>\n\t\t\t\t<\/div>\n\t\t\t\t\t<\/div>\n\t\t\t\t<\/div>\n\t\t\t\t<\/div>\n\t\t","protected":false},"excerpt":{"rendered":"<p>https:\/\/youtu.be\/AugmefKReFU Bande annonce de notre projet de fin d&rsquo;\u00e9tudes \u00e0 Pivaut Nantes : Selenite R\u00e9alis\u00e9 par :Victor MERCIERMaxence SOLIOTEthan MACELKlervi MAUGIS&#8211;JEANSON Sortie pr\u00e9vue fin mai 2024 https:\/\/youtu.be\/JZIA4cEl4BI?si=4zkJV5_427KWbu-c Something&rsquo;s Missing &#8211; Film r\u00e9alis\u00e9 en premi\u00e8re ann\u00e9e d&rsquo;animation 2D \u00e0 Pivaut Nantes R\u00e9alis\u00e9 par :Klervi MAUGIS&#8211;JEANSONMaxence SOLIOTLuka OVEJEROVictor MERCIER<\/p>\n","protected":false},"author":1,"featured_media":0,"parent":0,"menu_order":0,"comment_status":"closed","ping_status":"closed","template":"","meta":{"footnotes":""},"acf":{"page_background_color":""},"_links":{"self":[{"href":"https:\/\/www.victormercier.com\/index.php?rest_route=\/wp\/v2\/pages\/167"}],"collection":[{"href":"https:\/\/www.victormercier.com\/index.php?rest_route=\/wp\/v2\/pages"}],"about":[{"href":"https:\/\/www.victormercier.com\/index.php?rest_route=\/wp\/v2\/types\/page"}],"author":[{"embeddable":true,"href":"https:\/\/www.victormercier.com\/index.php?rest_route=\/wp\/v2\/users\/1"}],"replies":[{"embeddable":true,"href":"https:\/\/www.victormercier.com\/index.php?rest_route=%2Fwp%2Fv2%2Fcomments&post=167"}],"version-history":[{"count":13,"href":"https:\/\/www.victormercier.com\/index.php?rest_route=\/wp\/v2\/pages\/167\/revisions"}],"predecessor-version":[{"id":195,"href":"https:\/\/www.victormercier.com\/index.php?rest_route=\/wp\/v2\/pages\/167\/revisions\/195"}],"wp:attachment":[{"href":"https:\/\/www.victormercier.com\/index.php?rest_route=%2Fwp%2Fv2%2Fmedia&parent=167"}],"curies":[{"name":"wp","href":"https:\/\/api.w.org\/{rel}","templated":true}]}}